{"id":31629,"date":"2020-10-22T08:09:15","date_gmt":"2020-10-22T06:09:15","guid":{"rendered":"https:\/\/www.kisallatkorhaz.hu\/cms\/?page_id=31629"},"modified":"2025-06-19T09:14:28","modified_gmt":"2025-06-19T07:14:28","slug":"kardiologia","status":"publish","type":"page","link":"https:\/\/www.kisallatkorhaz.hu\/cms\/szolgaltatasaink\/kardiologia\/","title":{"rendered":"Kardiol\u00f3gia"},"content":{"rendered":"<p>[et_pb_section fb_built=&#8221;1&#8243; admin_label=&#8221;section&#8221; _builder_version=&#8221;4.16&#8243; global_colors_info=&#8221;{}&#8221;][et_pb_row admin_label=&#8221;row&#8221; _builder_version=&#8221;4.16&#8243; background_size=&#8221;initial&#8221; background_position=&#8221;top_left&#8221; background_repeat=&#8221;repeat&#8221; global_colors_info=&#8221;{}&#8221;][et_pb_column type=&#8221;4_4&#8243; _builder_version=&#8221;4.16&#8243; custom_padding=&#8221;|||&#8221; global_colors_info=&#8221;{}&#8221; custom_padding__hover=&#8221;|||&#8221;][et_pb_text admin_label=&#8221;Text&#8221; _builder_version=&#8221;4.16&#8243; background_size=&#8221;initial&#8221; background_position=&#8221;top_left&#8221; background_repeat=&#8221;repeat&#8221; global_colors_info=&#8221;{}&#8221;]\u00d6r\u00f6mmel jelentj\u00fck be, hogy\u00a0<strong>prof. Dr. V\u00f6r\u00f6s K\u00e1roly\u00a0<\/strong>a R\u00e1kosligeti \u00c1llatorvosi Rendel\u0151int\u00e9zetben kardiol\u00f3giai \u00e9s sz\u00edvf\u00e9rgess\u00e9g szakrendel\u00e9st ind\u00edt 2020. szeptember 1-t\u0151l keddenk\u00e9nt, az egyetemi klinikai munk\u00e1ja mellett!<br \/>\nA szakrendel\u00e9sek keret\u00e9ben a professzor \u00far \u00e1ltal v\u00e9gzett fizik\u00e1lis klinikai, sz\u00edv ultrahangos (echokardiogr\u00e1fi\u00e1s) \u00e9s EKG-vizsg\u00e1latokra ker\u00fcl sor, kieg\u00e9sz\u00edtve a sz\u00fcks\u00e9g szerinti r\u00f6ntgenvizsg\u00e1latokkal. A kardiol\u00f3giai szakrendel\u00e9s a kuty\u00e1k \u00e9s macsk\u00e1k sz\u00edvbetegs\u00e9geinek meg\u00e1llap\u00edt\u00e1s\u00e1t \u00e9s gy\u00f3gykezel\u00e9s\u00e9t tartalmazza. A sz\u00edvf\u00e9rges betegek ell\u00e1t\u00e1sa sor\u00e1n r\u00e9szletes t\u00e1j\u00e9koztat\u00e1s keret\u00e9ben ker\u00fcl sor a v\u00e9rparazitol\u00f3giai vizsg\u00e1latokkal diagnosztiz\u00e1lt betegs\u00e9g klinikai k\u00f6vetkezm\u00e9nyeinek (s\u00falyoss\u00e1g\u00e1nak) felt\u00e1r\u00e1s\u00e1ra \u00e9s gy\u00f3gykezel\u00e9s\u00e9re. A szakrendel\u00e9s mag\u00e1ban foglalja a gy\u00f3gykezelt betegek ut\u00f3gondoz\u00e1s\u00e1t is.<\/p>\n<p>Prof. Dr. V\u00f6r\u00f6s K\u00e1roly egyetemi tan\u00e1r, CsC, DSc, t\u00f6bb \u00e9vtizedes klinikai, oktat\u00f3i \u00e9s klinikus kutat\u00f3i tapasztalattal rendelkezik. 1991 \u00e9s 2017 k\u00f6z\u00f6tt az \u00c1llatorvostudom\u00e1nyi Egyetem Belgy\u00f3gy\u00e1szati Tansz\u00e9k \u00e9s Klinika tansz\u00e9kvezet\u0151je volt. Szakmai p\u00e1lyafut\u00e1s\u00e1nak els\u0151 \u00e9vtizedei magukban foglalt\u00e1k valamennyi h\u00e1zi eml\u0151s\u00e1llat belgy\u00f3gy\u00e1szati ell\u00e1t\u00e1s\u00e1t. Nev\u00e9hez f\u0171z\u0151dik a hazai \u00e1llatorvosi, belgy\u00f3gy\u00e1szati ultrahang-diagnosztika bevezet\u00e9se is. Az ut\u00f3bbi h\u00fasz \u00e9vben a kuty\u00e1k \u00e9s a macsk\u00e1k belgy\u00f3gy\u00e1szat\u00e1val foglalkozott. Ezen bel\u00fcl a jelenlegi speci\u00e1lis szakter\u00fcleteit k\u00e9pezi a kuty\u00e1k \u00e9s a macsk\u00e1k ultrahang-diagnosztik\u00e1ja, a kuty\u00e1k \u00e9s a macsk\u00e1k kardiol\u00f3gi\u00e1ja, valamint a kuty\u00e1k sz\u00edvf\u00e9rgess\u00e9g\u00e9nek meg\u00e1llap\u00edt\u00e1sa \u00e9s gy\u00f3gykezel\u00e9se.<\/p>\n<p>Klinikus oktat\u00f3k\u00e9nt t\u00f6bb \u00e1llatorvos gener\u00e1ci\u00f3 n\u0151tt fel a keze alatt, \u00e9s sz\u00e1mos munkat\u00e1rsa szerezte meg ir\u00e1ny\u00edt\u00e1s\u00e1val a szakmai el\u0151re l\u00e9p\u00e9shez sz\u00fcks\u00e9ges tudom\u00e1nyos, PhD-fokozatot. Oktat\u00f3i tev\u00e9kenys\u00e9g\u00e9t nem csup\u00e1n az egyetemi hallgat\u00f3k \u00e9s az \u00e1llatorvosok r\u00e9sz\u00e9re tartott szakmai el\u0151ad\u00e1sai \u00e9s gyakorlati oktat\u00f3 munk\u00e1ja, hanem nagysz\u00e1m\u00fa egyetemi jegyzetei \u00e9s szakk\u00f6nyvei is f\u00e9mjelzik. Ezek k\u00f6z\u00fcl k\u00fcl\u00f6n eml\u00edt\u00e9st \u00e9rdemel a 2019-ben kiadott <em>\u201e\u00c1llatorvosi belgy\u00f3gy\u00e1szat. A kuty\u00e1k \u00e9s a macsk\u00e1k betegs\u00e9gei\u201d <\/em>c\u00edm\u0171 szakk\u00f6nyv, amelynek szerkeszt\u0151je, valamint sz\u00e1mos fejezet\u00e9nek szerz\u0151je, illetve t\u00e1rsszerz\u0151je.<\/p>\n<p>Elk\u00f6telezett klinikus \u00e1llatorvosk\u00e9nt a f\u0151 feladat\u00e1nak tartja a p\u00e1ciensei betegs\u00e9geinek meg\u00e1llap\u00edt\u00e1s\u00e1t \u00e9s gy\u00f3gy\u00edt\u00e1s\u00e1t &#8211; a lehet\u0151 legkorszer\u0171bb diagnosztikai \u00e9s ter\u00e1pi\u00e1s m\u00f3dszerekkel -, valamint ut\u00f3gondoz\u00e1s\u00e1t is. Az ut\u00f3bbi sor\u00e1n rendszeresen egy\u00fcttm\u0171k\u00f6dik azokkal az orsz\u00e1gszerte a gyakorlatban dolgoz\u00f3 \u00e1llatorvosokkal, akik a speci\u00e1lis, kardiol\u00f3giai \u00e9s sz\u00edvf\u00e9rgess\u00e9g szakrendel\u00e9seire k\u00fcldik a betegeiket. Az \u00faj diagnosztikai \u00e9s ter\u00e1pi\u00e1s m\u00f3dszereket nemcsak alkalmazza, hanem tov\u00e1bb is fejleszti munkat\u00e1rsaival egy\u00fctt, \u00e9s ezek eredm\u00e9nyeit hazai \u00e9s nemzetk\u00f6zi szaklapokban publik\u00e1lja az \u00e1llatorvosok t\u00e1j\u00e9koztat\u00e1sa \u00e9rdek\u00e9ben. Ez ideig t\u00f6bb mint 200 szakk\u00f6zlem\u00e9nyt \u00edrt \u00f6n\u00e1ll\u00f3an, illetve t\u00e1rsszerz\u0151kkel.<\/p>\n<p>A k\u00f6zelm\u00faltt\u00f3l m\u00e1r egyre ink\u00e1bb kedvenc feladatk\u00f6r\u00e9re, betegeinek gy\u00f3gy\u00edt\u00e1s\u00e1ra sz\u00e1nja idej\u00e9t \u00e9s energi\u00e1it. Ennek keret\u00e9ben az egyetemi klinikai elfoglalts\u00e1gai mellett (<a href=\"https:\/\/univet.hu\/hu\/klinikak\/kisallatklinika\/belgyogyaszat\/\">https:\/\/univet.hu\/hu\/klinikak\/kisallatklinika\/belgyogyaszat\/<\/a>) a R\u00e1kosligeti \u00c1llatorvosi Rendel\u0151int\u00e9zetben (<a href=\"http:\/\/www.kisallatkorhaz.hu\/\">www.kisallatkorhaz.hu\/<\/a>) \u00e9s a Budat\u00e9t\u00e9nyi \u00c1llatk\u00f3rh\u00e1zban (<a href=\"http:\/\/www.budatetenyiallatkorhaz.hu\">www.budatetenyiallatkorhaz.hu<\/a>) is rendel, heti egy-egy alkalommal. Ezek elhelyezked\u00e9se a megk\u00f6zel\u00edthet\u0151s\u00e9g szempontj\u00e1b\u00f3l is kedvez\u0151 lehet a kuty\u00e1k \u00e9s a macsk\u00e1k tulajdonosai r\u00e9sz\u00e9re.<\/p>\n<p>Szakrendel\u00e9seinek keret\u00e9ben az \u00e1ltala v\u00e9gzett fizik\u00e1lis klinikai, sz\u00edv ultrahangos (echokardiogr\u00e1fi\u00e1s) \u00e9s EKG-vizsg\u00e1latokra ker\u00fcl sor, kieg\u00e9sz\u00edtve a sz\u00fcks\u00e9g szerinti r\u00f6ntgenvizsg\u00e1latokkal.<\/p>\n<p>A kardiol\u00f3giai szakrendel\u00e9s a kuty\u00e1k \u00e9s macsk\u00e1k sz\u00edvbetegs\u00e9geinek meg\u00e1llap\u00edt\u00e1s\u00e1t \u00e9s gy\u00f3gykezel\u00e9s\u00e9t, a beteg ut\u00f3k\u00f6vet\u00e9s\u00e9t foglalja mag\u00e1ban.<\/p>\n<p>A sz\u00edvf\u00e9rges betegek ell\u00e1t\u00e1sa sor\u00e1n r\u00e9szletes t\u00e1j\u00e9koztat\u00e1s keret\u00e9ben ker\u00fcl sor a v\u00e9rparazitol\u00f3giai vizsg\u00e1latokkal diagnosztiz\u00e1lt betegs\u00e9g klinikai k\u00f6vetkezm\u00e9nyeinek (s\u00falyoss\u00e1g\u00e1nak) felt\u00e1r\u00e1s\u00e1ra \u00e9s gy\u00f3gykezel\u00e9s\u00e9re.[\/et_pb_text][\/et_pb_column][\/et_pb_row][\/et_pb_section]<\/p>\n","protected":false},"excerpt":{"rendered":"<p>\u00d6r\u00f6mmel jelentj\u00fck be, hogy\u00a0prof. Dr. V\u00f6r\u00f6s K\u00e1roly\u00a0a R\u00e1kosligeti \u00c1llatorvosi Rendel\u0151int\u00e9zetben kardiol\u00f3giai \u00e9s sz\u00edvf\u00e9rgess\u00e9g szakrendel\u00e9st ind\u00edt 2020. szeptember 1-t\u0151l keddenk\u00e9nt, az egyetemi klinikai munk\u00e1ja mellett! A szakrendel\u00e9sek keret\u00e9ben a professzor \u00far \u00e1ltal v\u00e9gzett fizik\u00e1lis klinikai, sz\u00edv ultrahangos (echokardiogr\u00e1fi\u00e1s) \u00e9s EKG-vizsg\u00e1latokra ker\u00fcl sor, kieg\u00e9sz\u00edtve a sz\u00fcks\u00e9g szerinti r\u00f6ntgenvizsg\u00e1latokkal. A kardiol\u00f3giai szakrendel\u00e9s a kuty\u00e1k \u00e9s macsk\u00e1k sz\u00edvbetegs\u00e9geinek meg\u00e1llap\u00edt\u00e1s\u00e1t [&hellip;]<\/p>\n","protected":false},"author":11,"featured_media":0,"parent":88,"menu_order":0,"comment_status":"closed","ping_status":"closed","template":"","meta":{"_et_pb_use_builder":"on","_et_pb_old_content":"\u00d6r\u00f6mmel jelentj\u00fck be, hogy\u00a0<strong>prof. Dr. V\u00f6r\u00f6s K\u00e1roly\u00a0<\/strong>a R\u00e1kosligeti \u00c1llatorvosi Rendel\u0151int\u00e9zetben kardiol\u00f3giai \u00e9s sz\u00edvf\u00e9rgess\u00e9g szakrendel\u00e9st ind\u00edt 2020. szeptember 1-t\u0151l keddenk\u00e9nt, az egyetemi klinikai munk\u00e1ja mellett!\r\nA szakrendel\u00e9sek keret\u00e9ben a professzor \u00far \u00e1ltal v\u00e9gzett fizik\u00e1lis klinikai, sz\u00edv ultrahangos (echokardiogr\u00e1fi\u00e1s) \u00e9s EKG-vizsg\u00e1latokra ker\u00fcl sor, kieg\u00e9sz\u00edtve a sz\u00fcks\u00e9g szerinti r\u00f6ntgenvizsg\u00e1latokkal. A kardiol\u00f3giai szakrendel\u00e9s a kuty\u00e1k \u00e9s macsk\u00e1k sz\u00edvbetegs\u00e9geinek meg\u00e1llap\u00edt\u00e1s\u00e1t \u00e9s gy\u00f3gykezel\u00e9s\u00e9t tartalmazza. A sz\u00edvf\u00e9rges betegek ell\u00e1t\u00e1sa sor\u00e1n r\u00e9szletes t\u00e1j\u00e9koztat\u00e1s keret\u00e9ben ker\u00fcl sor a v\u00e9rparazitol\u00f3giai vizsg\u00e1latokkal diagnosztiz\u00e1lt betegs\u00e9g klinikai k\u00f6vetkezm\u00e9nyeinek (s\u00falyoss\u00e1g\u00e1nak) felt\u00e1r\u00e1s\u00e1ra \u00e9s gy\u00f3gykezel\u00e9s\u00e9re. A szakrendel\u00e9s mag\u00e1ban foglalja a gy\u00f3gykezelt betegek ut\u00f3gondoz\u00e1s\u00e1t is.\r\n\r\nProf. Dr. V\u00f6r\u00f6s K\u00e1roly egyetemi tan\u00e1r, CsC, DSc, t\u00f6bb \u00e9vtizedes klinikai, oktat\u00f3i \u00e9s klinikus kutat\u00f3i tapasztalattal rendelkezik. 1991 \u00e9s 2017 k\u00f6z\u00f6tt az \u00c1llatorvostudom\u00e1nyi Egyetem Belgy\u00f3gy\u00e1szati Tansz\u00e9k \u00e9s Klinika tansz\u00e9kvezet\u0151je volt. Szakmai p\u00e1lyafut\u00e1s\u00e1nak els\u0151 \u00e9vtizedei magukban foglalt\u00e1k valamennyi h\u00e1zi eml\u0151s\u00e1llat belgy\u00f3gy\u00e1szati ell\u00e1t\u00e1s\u00e1t. Nev\u00e9hez f\u0171z\u0151dik a hazai \u00e1llatorvosi, belgy\u00f3gy\u00e1szati ultrahang-diagnosztika bevezet\u00e9se is. Az ut\u00f3bbi h\u00fasz \u00e9vben a kuty\u00e1k \u00e9s a macsk\u00e1k belgy\u00f3gy\u00e1szat\u00e1val foglalkozott. Ezen bel\u00fcl a jelenlegi speci\u00e1lis szakter\u00fcleteit k\u00e9pezi a kuty\u00e1k \u00e9s a macsk\u00e1k ultrahang-diagnosztik\u00e1ja, a kuty\u00e1k \u00e9s a macsk\u00e1k kardiol\u00f3gi\u00e1ja, valamint a kuty\u00e1k sz\u00edvf\u00e9rgess\u00e9g\u00e9nek meg\u00e1llap\u00edt\u00e1sa \u00e9s gy\u00f3gykezel\u00e9se.\r\n\r\nKlinikus oktat\u00f3k\u00e9nt t\u00f6bb \u00e1llatorvos gener\u00e1ci\u00f3 n\u0151tt fel a keze alatt, \u00e9s sz\u00e1mos munkat\u00e1rsa szerezte meg ir\u00e1ny\u00edt\u00e1s\u00e1val a szakmai el\u0151re l\u00e9p\u00e9shez sz\u00fcks\u00e9ges tudom\u00e1nyos, PhD-fokozatot. Oktat\u00f3i tev\u00e9kenys\u00e9g\u00e9t nem csup\u00e1n az egyetemi hallgat\u00f3k \u00e9s az \u00e1llatorvosok r\u00e9sz\u00e9re tartott szakmai el\u0151ad\u00e1sai \u00e9s gyakorlati oktat\u00f3 munk\u00e1ja, hanem nagysz\u00e1m\u00fa egyetemi jegyzetei \u00e9s szakk\u00f6nyvei is f\u00e9mjelzik. Ezek k\u00f6z\u00fcl k\u00fcl\u00f6n eml\u00edt\u00e9st \u00e9rdemel a 2019-ben kiadott <em>\u201e\u00c1llatorvosi belgy\u00f3gy\u00e1szat. A kuty\u00e1k \u00e9s a macsk\u00e1k betegs\u00e9gei\u201d <\/em>c\u00edm\u0171 szakk\u00f6nyv, amelynek szerkeszt\u0151je, valamint sz\u00e1mos fejezet\u00e9nek szerz\u0151je, illetve t\u00e1rsszerz\u0151je.\r\n\r\nElk\u00f6telezett klinikus \u00e1llatorvosk\u00e9nt a f\u0151 feladat\u00e1nak tartja a p\u00e1ciensei betegs\u00e9geinek meg\u00e1llap\u00edt\u00e1s\u00e1t \u00e9s gy\u00f3gy\u00edt\u00e1s\u00e1t - a lehet\u0151 legkorszer\u0171bb diagnosztikai \u00e9s ter\u00e1pi\u00e1s m\u00f3dszerekkel -, valamint ut\u00f3gondoz\u00e1s\u00e1t is. Az ut\u00f3bbi sor\u00e1n rendszeresen egy\u00fcttm\u0171k\u00f6dik azokkal az orsz\u00e1gszerte a gyakorlatban dolgoz\u00f3 \u00e1llatorvosokkal, akik a speci\u00e1lis, kardiol\u00f3giai \u00e9s sz\u00edvf\u00e9rgess\u00e9g szakrendel\u00e9seire k\u00fcldik a betegeiket. Az \u00faj diagnosztikai \u00e9s ter\u00e1pi\u00e1s m\u00f3dszereket nemcsak alkalmazza, hanem tov\u00e1bb is fejleszti munkat\u00e1rsaival egy\u00fctt, \u00e9s ezek eredm\u00e9nyeit hazai \u00e9s nemzetk\u00f6zi szaklapokban publik\u00e1lja az \u00e1llatorvosok t\u00e1j\u00e9koztat\u00e1sa \u00e9rdek\u00e9ben. Ez ideig t\u00f6bb mint 200 szakk\u00f6zlem\u00e9nyt \u00edrt \u00f6n\u00e1ll\u00f3an, illetve t\u00e1rsszerz\u0151kkel.\r\n\r\nA k\u00f6zelm\u00faltt\u00f3l m\u00e1r egyre ink\u00e1bb kedvenc feladatk\u00f6r\u00e9re, betegeinek gy\u00f3gy\u00edt\u00e1s\u00e1ra sz\u00e1nja idej\u00e9t \u00e9s energi\u00e1it. Ennek keret\u00e9ben az egyetemi klinikai elfoglalts\u00e1gai mellett (<a href=\"https:\/\/univet.hu\/hu\/klinikak\/kisallatklinika\/belgyogyaszat\/\">https:\/\/univet.hu\/hu\/klinikak\/kisallatklinika\/belgyogyaszat\/<\/a>) a R\u00e1kosligeti \u00c1llatorvosi Rendel\u0151int\u00e9zetben (<a href=\"http:\/\/www.kisallatkorhaz.hu\/\">www.kisallatkorhaz.hu\/<\/a>) \u00e9s a Budat\u00e9t\u00e9nyi \u00c1llatk\u00f3rh\u00e1zban (<a href=\"http:\/\/www.budatetenyiallatkorhaz.hu\">www.budatetenyiallatkorhaz.hu<\/a>) is rendel, heti egy-egy alkalommal. Ezek elhelyezked\u00e9se a megk\u00f6zel\u00edthet\u0151s\u00e9g szempontj\u00e1b\u00f3l is kedvez\u0151 lehet a kuty\u00e1k \u00e9s a macsk\u00e1k tulajdonosai r\u00e9sz\u00e9re.\r\n\r\nSzakrendel\u00e9seinek keret\u00e9ben az \u00e1ltala v\u00e9gzett fizik\u00e1lis klinikai, sz\u00edv ultrahangos (echokardiogr\u00e1fi\u00e1s) \u00e9s EKG-vizsg\u00e1latokra ker\u00fcl sor, kieg\u00e9sz\u00edtve a sz\u00fcks\u00e9g szerinti r\u00f6ntgenvizsg\u00e1latokkal.\r\n\r\nA kardiol\u00f3giai szakrendel\u00e9s a kuty\u00e1k \u00e9s macsk\u00e1k sz\u00edvbetegs\u00e9geinek meg\u00e1llap\u00edt\u00e1s\u00e1t \u00e9s gy\u00f3gykezel\u00e9s\u00e9t, a beteg ut\u00f3k\u00f6vet\u00e9s\u00e9t foglalja mag\u00e1ban.\r\n\r\nA sz\u00edvf\u00e9rges betegek ell\u00e1t\u00e1sa sor\u00e1n r\u00e9szletes t\u00e1j\u00e9koztat\u00e1s keret\u00e9ben ker\u00fcl sor a v\u00e9rparazitol\u00f3giai vizsg\u00e1latokkal diagnosztiz\u00e1lt betegs\u00e9g klinikai k\u00f6vetkezm\u00e9nyeinek (s\u00falyoss\u00e1g\u00e1nak) felt\u00e1r\u00e1s\u00e1ra \u00e9s gy\u00f3gykezel\u00e9s\u00e9re.","_et_gb_content_width":"","two_page_speed":[],"footnotes":""},"class_list":["post-31629","page","type-page","status-publish","hentry"],"_links":{"self":[{"href":"https:\/\/www.kisallatkorhaz.hu\/cms\/wp-json\/wp\/v2\/pages\/31629","targetHints":{"allow":["GET"]}}],"collection":[{"href":"https:\/\/www.kisallatkorhaz.hu\/cms\/wp-json\/wp\/v2\/pages"}],"about":[{"href":"https:\/\/www.kisallatkorhaz.hu\/cms\/wp-json\/wp\/v2\/types\/page"}],"author":[{"embeddable":true,"href":"https:\/\/www.kisallatkorhaz.hu\/cms\/wp-json\/wp\/v2\/users\/11"}],"replies":[{"embeddable":true,"href":"https:\/\/www.kisallatkorhaz.hu\/cms\/wp-json\/wp\/v2\/comments?post=31629"}],"version-history":[{"count":4,"href":"https:\/\/www.kisallatkorhaz.hu\/cms\/wp-json\/wp\/v2\/pages\/31629\/revisions"}],"predecessor-version":[{"id":42902,"href":"https:\/\/www.kisallatkorhaz.hu\/cms\/wp-json\/wp\/v2\/pages\/31629\/revisions\/42902"}],"up":[{"embeddable":true,"href":"https:\/\/www.kisallatkorhaz.hu\/cms\/wp-json\/wp\/v2\/pages\/88"}],"wp:attachment":[{"href":"https:\/\/www.kisallatkorhaz.hu\/cms\/wp-json\/wp\/v2\/media?parent=31629"}],"curies":[{"name":"wp","href":"https:\/\/api.w.org\/{rel}","templated":true}]}}